a factor of 827291?
False
Is 3 a factor of 186096?
True
Is 20 a factor of 3379716?
False
Is 1424760 a multiple of 23?
False
Is 1415271 a multiple of 39?
True
Is 9 a factor of 4725195?
False
Does 78 divide 620958?
True
Does 23 divide 943092?
True
Is 1059488 a multiple of 16?
True
Is 139 a factor of 302627?
False
Is 378103 a multiple of 2?
False
Is 58 a factor of 290?
True
Does 112 divide 40880?
True
Does 4 divide 1804?
True
Is 53088 a multiple of 79?
True
Does 49 divide 483780?
False
Is 24 a factor of 29565?
False
Is 78 a factor of 844475?
False
Does 14 divide 316420?
False
Is 541 a factor of 1364402?
True
Is 283764 a multiple of 224?
False
Is 28 a factor of 161056?
True
Does 37 divide 27102?
False
Is 22 a factor of 328944?
True
Is 65877 a multiple of 2?
False
Is 325 a factor of 594475?
False
Is 94 a factor of 59408?
True
Does 13 divide 1369966?
True
Does 796 divide 2055036?
False
Is 697 a factor of 4824164?
False
Does 283 divide 1103134?
True
Is 455 a factor of 557916?
False
Is 1018948 a multiple of 482?
True
Is 229676 a multiple of 268?
True
Is 16 a factor of 2624127?
False
Is 259 a factor of 512747?
False
Is 2 a factor of 5655?
False
Does 38 divide 175218?
True
Is 12 a factor of 329975?
False
Is 33 a factor of 11059920?
False
Does 13 divide 83590?
True
Does 8 divide 20959845?
False
Does 129 divide 214914?
True
Is 8 a factor of 681072?
True
Does 169 divide 3794797?
False
Is 15 a factor of 428821?
False
Does 15 divide 2306209?
False
Does 46 divide 3451426?
True
Is 448 a factor of 3118080?
True
Is 392 a factor of 3078768?
True
Is 2440887 a multiple of 401?
True
Is 5 a factor of 538204?
False
Is 697 a factor of 74701?
False
Is 10 a factor of 249530?
True
Is 1965946 a multiple of 42?
False
Is 33 a factor of 3036?
True
Is 55 a factor of 4404525?
False
Does 42 divide 1478316?
True
Does 38 divide 955776?
True
Is 112 a factor of 246176?
True
Does 31 divide 2328162?
True
Is 857169 a multiple of 27?
True
Is 73 a factor of 137422?
False
Is 5343978 a multiple of 57?
True
Does 32 divide 11178?
False
Is 9 a factor of 21375918?
True
Is 13 a factor of 2259309?
True
Is 1747410 a multiple of 35?
True
Is 2446 a factor of 9647024?
True
Is 2501793 a multiple of 21?
True
Is 254 a factor of 1404349?
False
Is 33 a factor of 11250?
False
Is 33 a factor of 11781?
True
Does 1299 divide 2002801?
False
Is 5477960 a multiple of 36?
False
Is 337296 a multiple of 224?
False
Does 12 divide 88892?
False
Is 4221501 a multiple of 860?
False
Is 34 a factor of 345448?
False
Does 233 divide 3162864?
False
Is 2384869 a multiple of 131?
False
Does 65 divide 1947331?
False
Does 157 divide 446541?
False
Is 456147 a multiple of 10?
False
Is 77 a factor of 301378?
True
Is 8917 a multiple of 15?
False
Does 8 divide 23946?
False
Is 683215 a multiple of 65?
True
Is 171 a factor of 751032?
True
Is 70776 a multiple of 24?
True
Is 71 a factor of 204338?
True
Is 545106 a multiple of 94?
True
Is 1166752 a multiple of 4?
True
Is 151 a factor of 1788293?
True
Is 541254 a multiple of 147?
True
Is 953797 a multiple of 368?
False
Is 5 a factor of 26790?
True
Is 7761158 a multiple of 144?
False
Does 176 divide 10160304?
True
Is 547067 a multiple of 157?
False
Is 9103472 a multiple of 1180?
False
Does 2 divide 34825?
False
Is 911 a factor of 8550646?
True
Does 532 divide 3473960?
True
Is 126 a factor of 929979?
False
Does 42 divide 132612?
False
Is 594553 a multiple of 25?
False
Is 125 a factor of 555125?
True
Does 49 divide 26672418?
False
Does 10 divide 1074050?
True
Is 182 a factor of 36946?
True
Does 9 divide 6076347?
False
Does 1044 divide 6874740?
True
Does 27 divide 4377132?
True
Does 49 divide 3003504?
True
Does 18 divide 7518709?
False
Is 194268 a multiple of 84?
False
Does 101 divide 123418?
False
Is 23 a factor of 353740?
True
Does 85 divide 738669?
False
Does 198 divide 4504?
False
Does 67 divide 2325530?
False
Is 7335 a multiple of 9?
True
Does 124 divide 78906?
False
Does 17 divide 149838?
True
Is 6 a factor of 2671?
False
Is 480 a factor of 906407?
False
Is 15 a factor of 762202?
False
Is 1763015 a multiple of 503?
True
Is 652740 a multiple of 138?
True
Is 9 a factor of 262698?
False
Is 55 a factor of 5608085?
False
Does 37 divide 69412?
True
Is 714623 a multiple of 642?
False
Is 871 a factor of 688961?
True
Is 8 a factor of 30590?
False
Is 276 a factor of 69564?
False
Is 36 a factor of 321336?
True
Is 1654240 a multiple of 224?
True
Is 67160 a multiple of 146?
True
Is 91196 a multiple of 7?
True
Does 20 divide 1039979?
False
Does 63 divide 1706103?
True
Is 207899 a multiple of 20?
False
Is 73380 a multiple of 12?
True
Is 337736 a multiple of 8?
True
Is 49 a factor of 1568?
True
Is 3801002 a multiple of 355?
False
Does 215 divide 944592?
False
Is 55 a factor of 134140?
False
Is 365675 a multiple of 13?
False
Does 348 divide 10503336?
True
Is 114684 a multiple of 12?
True
Does 660 divide 5322157?
False
Is 170 a factor of 356233?
False
Is 244 a factor of 301006?
False
Is 60831 a multiple of 81?
True
Does 137 divide 2430928?
True
Does 214 divide 48921?
False
Is 41890 a multiple of 142?
True
Does 25 divide 53540?
False
Is 1177722 a multiple of 18?
True
Is 186 a factor of 313016?
False
Does 118 divide 50740?
True
Is 2122512 a multiple of 307?
False
Is 546415 a multiple of 11?
False
Does 24 divide 92160?
True
Does 54 divide 9796734?
True
Is 1141992 a multiple of 8?
True
Is 126510 a multiple of 11?
False
Is 18 a factor of 1935194?
False
Is 8 a factor of 262737?
False
Is 15082 a multiple of 23?
False
Is 15 a factor of 13788686?
False
Does 12 divide 24191?
False
Is 882826 a multiple of 33?
False
Is 339 a factor of 451725?
False
Is 165 a factor of 62680?
False
Is 179 a factor of 9032698?
True
Is 1598500 a multiple of 460?
True
Does 6 divide 2615340?
True
Is 727500 a multiple of 60?
True
Is 354 a factor of 183735?
False
Is 144 a factor of 3929227?
False
Is 143 a factor of 5337761?
True
Is 13 a factor of 144422?
False
Is 83 a factor of 421117?
False
Is 31284 a multiple of 33?
True
Is 4 a factor of 227804?
True
Does 83 divide 314033?
False
Does 92 divide 76564?
False
Does 196 divide 88587?
False
Does 578 divide 4180096?
True
Does 23 divide 234679?
False
Is 4746283 a multiple of 267?
False
Is 8705844 a multiple of 63?
True
Is 3 a factor of 1947890?
False
Is 148695 a multiple of 267?
False
Is 379 a factor of 31359?
False
Is 193 a factor of 1323594?
True
Is 2308 a factor of 16032345?
False
Is 220896 a multiple of 177?
True
Does 10 divide 377120?
True
Does 52 divide 104?
True
Does 1653 divide 25919040?
True
Is 248 a factor of 129952?
True
Is 318 a factor of 3445089?
False
Is 74704 a multiple of 29?
True
Does 154 divide 244706?
True
Is 13061 a multiple of 4?
False
Does 47 divide 775101?
False
Does 961 divide 7761036?
True
Does 25 divide 782223?
False
Is 4339174 a multiple of 12?
False
Does 33 divide 561?
True
Is 568 a factor of 859908?
False
Is 1003144 a multiple of 7?
False
Does 5 divide 69394?
False
Is 15571 a multiple of 74?
False
Does 147 divide 4390047?
False
Is 5072744 a multiple of 263?
True
Is 773390 a multiple of 175?
False
Is 95 a factor of 8830696?
False
Is 14 a factor of 670177?
False
Does 20 divide 5254840?
True
Is 3115840 a multiple of 416?
True
Is 1022276 a multiple of 76?
True
Is 11231077 a multiple of 143?
True
Does 12 divide 85212?
True
Is 136 a factor of 7762740?
False
Is 21 a factor of 8045849?
False
Is 332 a factor of 3866918?
False
Is 97 a factor of 30943?
True
Does 346 divide 9200832?
True
Is 165181 a multiple of 77?
False
Does 42 divide 6273?
False
Does 219 divide 43362?
True
Is 13174 a multiple of 10?
False
Does 26 divide 70874?
False
Does 606 divide 118954?
False
Does 48 divide 177906?
False
Does 176 divide 1631335?
False
Is 1174174 a multiple of 68?
False
Does 550 divide 1809463?
False
Is 6242362 a multiple of 918?
False
Does 451 divide 1247810?
False
Is 52 a factor of 132860?
True
Is 239022 a multiple of 441?
True
Is 478 a factor of 6009381?
False
Is 14 a factor of 10702?
False
Is 33204 a multiple of 11?
False
Does 12 divide 347992?
False
Is 985 a factor of 576225?
True
Is 19214038 a multiple of 70?
False
Is 93 a factor of 3893281?
False
Is 209205 a multiple of 71?
False
Is 1114 a factor of 17849622?
True
Is 15 a factor of 1213224?
False
Is 38 a factor of 2868303?
False
D